{"version":"1.0","provider_name":"Coll\u00e8ge Saint Jean Baptiste de La Salle","provider_url":"https:\/\/www.stjb-delasalle.fr\/site","author_name":"s.couret","author_url":"https:\/\/www.stjb-delasalle.fr\/site\/author\/s-couret\/","title":"C\u2019est la rentr\u00e9e ! 6e - Coll\u00e8ge Saint Jean Baptiste de La Salle","type":"rich","width":600,"height":338,"html":"<blockquote class=\"wp-embedded-content\" data-secret=\"0sIUPRkFgP\"><a href=\"https:\/\/www.stjb-delasalle.fr\/site\/2023\/09\/04\/la-rentree-des-eleves-de-6e\/\">C\u2019est la rentr\u00e9e ! 6e<\/a><\/blockquote><iframe sandbox=\"allow-scripts\" security=\"restricted\" src=\"https:\/\/www.stjb-delasalle.fr\/site\/2023\/09\/04\/la-rentree-des-eleves-de-6e\/embed\/#?secret=0sIUPRkFgP\" width=\"600\" height=\"338\" title=\"\u00ab\u00a0C\u2019est la rentr\u00e9e ! 6e\u00a0\u00bb &#8212; Coll\u00e8ge Saint Jean Baptiste de La Salle\" data-secret=\"0sIUPRkFgP\" frameborder=\"0\" marginwidth=\"0\" marginheight=\"0\" scrolling=\"no\" class=\"wp-embedded-content\"><\/iframe><script>\n\/*! This file is auto-generated *\/\n!function(d,l){\"use strict\";l.querySelector&&d.addEventListener&&\"undefined\"!=typeof URL&&(d.wp=d.wp||{},d.wp.receiveEmbedMessage||(d.wp.receiveEmbedMessage=function(e){var t=e.data;if((t||t.secret||t.message||t.value)&&!\/[^a-zA-Z0-9]\/.test(t.secret)){for(var s,r,n,a=l.querySelectorAll('iframe[data-secret=\"'+t.secret+'\"]'),o=l.querySelectorAll('blockquote[data-secret=\"'+t.secret+'\"]'),c=new RegExp(\"^https?:$\",\"i\"),i=0;i<o.length;i++)o[i].style.display=\"none\";for(i=0;i<a.length;i++)s=a[i],e.source===s.contentWindow&&(s.removeAttribute(\"style\"),\"height\"===t.message?(1e3<(r=parseInt(t.value,10))?r=1e3:~~r<200&&(r=200),s.height=r):\"link\"===t.message&&(r=new URL(s.getAttribute(\"src\")),n=new URL(t.value),c.test(n.protocol))&&n.host===r.host&&l.activeElement===s&&(d.top.location.href=t.value))}},d.addEventListener(\"message\",d.wp.receiveEmbedMessage,!1),l.addEventListener(\"DOMContentLoaded\",function(){for(var e,t,s=l.querySelectorAll(\"iframe.wp-embedded-content\"),r=0;r<s.length;r++)(t=(e=s[r]).getAttribute(\"data-secret\"))||(t=Math.random().toString(36).substring(2,12),e.src+=\"#?secret=\"+t,e.setAttribute(\"data-secret\",t)),e.contentWindow.postMessage({message:\"ready\",secret:t},\"*\")},!1)))}(window,document);\n\/\/# sourceURL=https:\/\/www.stjb-delasalle.fr\/site\/wp-includes\/js\/wp-embed.min.js\n<\/script>\n","thumbnail_url":"https:\/\/www.stjb-delasalle.fr\/site\/wp-content\/uploads\/2023\/09\/adc0e689-1279-499b-ba30-749ceeca0b00.jpeg","thumbnail_width":2048,"thumbnail_height":1536,"description":"Lundi 4 septembre, notre coll\u00e8ge s\u2019est r\u00e9veill\u00e9 sous un beau soleil\u2026Quelques instants plus tard ce sont nos 171 \u00e9l\u00e8ves du niveau 6eme qui ont franchi le portail. Un joli programme les attendait tout au long de cette premi\u00e8re journ\u00e9e au coll\u00e8ge. La pause m\u00e9ridienne a \u00e9t\u00e9 tr\u00e8s appr\u00e9ci\u00e9e avec un moment de d\u00e9tente dans le [&hellip;]"}

Collège Saint Jean Baptiste de La Salle

C’est la rentrée ! 6e - Collège Saint Jean Baptiste de La Salle

<blockquote class="wp-embedded-content" data-secret="0sIUPRkFgP"><a href="https://www.stjb-delasalle.fr/site/2023/09/04/la-rentree-des-eleves-de-6e/">C’est la rentrée ! 6e</a></blockquote><iframe sandbox="allow-scripts" security="restricted" src="https://www.stjb-delasalle.fr/site/2023/09/04/la-rentree-des-eleves-de-6e/embed/#?secret=0sIUPRkFgP" width="600" height="338" title="« C’est la rentrée ! 6e » &#8212; Collège Saint Jean Baptiste de La Salle" data-secret="0sIUPRkFgP" frameborder="0" marginwidth="0" marginheight="0" scrolling="no" class="wp-embedded-content"></iframe><script>
/*! This file is auto-generated */
!function(d,l){"use strict";l.querySelector&&d.addEventListener&&"undefined"!=typeof URL&&(d.wp=d.wp||{},d.wp.receiveEmbedMessage||(d.wp.receiveEmbedMessage=function(e){var t=e.data;if((t||t.secret||t.message||t.value)&&!/[^a-zA-Z0-9]/.test(t.secret)){for(var s,r,n,a=l.querySelectorAll('iframe[data-secret="'+t.secret+'"]'),o=l.querySelectorAll('blockquote[data-secret="'+t.secret+'"]'),c=new RegExp("^https?:$","i"),i=0;i<o.length;i++)o[i].style.display="none";for(i=0;i<a.length;i++)s=a[i],e.source===s.contentWindow&&(s.removeAttribute("style"),"height"===t.message?(1e3<(r=parseInt(t.value,10))?r=1e3:~~r<200&&(r=200),s.height=r):"link"===t.message&&(r=new URL(s.getAttribute("src")),n=new URL(t.value),c.test(n.protocol))&&n.host===r.host&&l.activeElement===s&&(d.top.location.href=t.value))}},d.addEventListener("message",d.wp.receiveEmbedMessage,!1),l.addEventListener("DOMContentLoaded",function(){for(var e,t,s=l.querySelectorAll("iframe.wp-embedded-content"),r=0;r<s.length;r++)(t=(e=s[r]).getAttribute("data-secret"))||(t=Math.random().toString(36).substring(2,12),e.src+="#?secret="+t,e.setAttribute("data-secret",t)),e.contentWindow.postMessage({message:"ready",secret:t},"*")},!1)))}(window,document);
//# sourceURL=https://www.stjb-delasalle.fr/site/wp-includes/js/wp-embed.min.js
</script>

Lundi 4 septembre, notre collège s’est réveillé sous un beau soleil…Quelques instants plus tard ce sont nos 171 élèves du niveau 6eme qui ont franchi le portail. Un joli programme les attendait tout au long de cette première journée au collège. La pause méridienne a été très appréciée avec un moment de détente dans le [&hellip;]
