{"version":"1.0","provider_name":"Coll\u00e8ge Saint Jean Baptiste de La Salle","provider_url":"https:\/\/www.stjb-delasalle.fr\/site","author_name":"s.couret","author_url":"https:\/\/www.stjb-delasalle.fr\/site\/author\/s-couret\/","title":"EPI 3e \u00ab\u00a0Dans la peau d\u2019un designer\u00a0\u00bb - Coll\u00e8ge Saint Jean Baptiste de La Salle","type":"rich","width":600,"height":338,"html":"<blockquote class=\"wp-embedded-content\" data-secret=\"qKZIqNMlO7\"><a href=\"https:\/\/www.stjb-delasalle.fr\/site\/2023\/06\/30\/epi-dans-la-peau-dun-designer-3e\/\">EPI 3e \u00ab\u00a0Dans la peau d\u2019un designer\u00a0\u00bb<\/a><\/blockquote><iframe sandbox=\"allow-scripts\" security=\"restricted\" src=\"https:\/\/www.stjb-delasalle.fr\/site\/2023\/06\/30\/epi-dans-la-peau-dun-designer-3e\/embed\/#?secret=qKZIqNMlO7\" width=\"600\" height=\"338\" title=\"\u00ab\u00a0EPI 3e \u00ab\u00a0Dans la peau d\u2019un designer\u00a0\u00bb\u00a0\u00bb &#8212; Coll\u00e8ge Saint Jean Baptiste de La Salle\" data-secret=\"qKZIqNMlO7\" frameborder=\"0\" marginwidth=\"0\" marginheight=\"0\" scrolling=\"no\" class=\"wp-embedded-content\"><\/iframe><script>\n\/*! This file is auto-generated *\/\n!function(d,l){\"use strict\";l.querySelector&&d.addEventListener&&\"undefined\"!=typeof URL&&(d.wp=d.wp||{},d.wp.receiveEmbedMessage||(d.wp.receiveEmbedMessage=function(e){var t=e.data;if((t||t.secret||t.message||t.value)&&!\/[^a-zA-Z0-9]\/.test(t.secret)){for(var s,r,n,a=l.querySelectorAll('iframe[data-secret=\"'+t.secret+'\"]'),o=l.querySelectorAll('blockquote[data-secret=\"'+t.secret+'\"]'),c=new RegExp(\"^https?:$\",\"i\"),i=0;i<o.length;i++)o[i].style.display=\"none\";for(i=0;i<a.length;i++)s=a[i],e.source===s.contentWindow&&(s.removeAttribute(\"style\"),\"height\"===t.message?(1e3<(r=parseInt(t.value,10))?r=1e3:~~r<200&&(r=200),s.height=r):\"link\"===t.message&&(r=new URL(s.getAttribute(\"src\")),n=new URL(t.value),c.test(n.protocol))&&n.host===r.host&&l.activeElement===s&&(d.top.location.href=t.value))}},d.addEventListener(\"message\",d.wp.receiveEmbedMessage,!1),l.addEventListener(\"DOMContentLoaded\",function(){for(var e,t,s=l.querySelectorAll(\"iframe.wp-embedded-content\"),r=0;r<s.length;r++)(t=(e=s[r]).getAttribute(\"data-secret\"))||(t=Math.random().toString(36).substring(2,12),e.src+=\"#?secret=\"+t,e.setAttribute(\"data-secret\",t)),e.contentWindow.postMessage({message:\"ready\",secret:t},\"*\")},!1)))}(window,document);\n\/\/# sourceURL=https:\/\/www.stjb-delasalle.fr\/site\/wp-includes\/js\/wp-embed.min.js\n<\/script>\n","thumbnail_url":"https:\/\/www.stjb-delasalle.fr\/site\/wp-content\/uploads\/2023\/04\/20230509_142809000_iOS-e1687872177278.jpeg","thumbnail_width":1481,"thumbnail_height":970,"description":"Cette ann\u00e9e, les \u00e9l\u00e8ves de 3e ont de nouveau travailler \u00e0 la r\u00e9flexion de meubles \u00ab design \u00bb, en projets de groupe, ils ont d\u00fb imaginer \u00e0 plusieurs, concevoir, calculer, expliquer, mod\u00e9liser, former les patrons, fabriquer les volumes, assembler\u2026Cet EPI, Enseignement Pratique Interdisciplinaire, leur a fait travailler math\u00e9matiques, technologie et arts plastiques. Une s\u00e9lection de [&hellip;]"}

Collège Saint Jean Baptiste de La Salle

EPI 3e « Dans la peau d’un designer » - Collège Saint Jean Baptiste de La Salle

<blockquote class="wp-embedded-content" data-secret="qKZIqNMlO7"><a href="https://www.stjb-delasalle.fr/site/2023/06/30/epi-dans-la-peau-dun-designer-3e/">EPI 3e « Dans la peau d’un designer »</a></blockquote><iframe sandbox="allow-scripts" security="restricted" src="https://www.stjb-delasalle.fr/site/2023/06/30/epi-dans-la-peau-dun-designer-3e/embed/#?secret=qKZIqNMlO7" width="600" height="338" title="« EPI 3e « Dans la peau d’un designer » » &#8212; Collège Saint Jean Baptiste de La Salle" data-secret="qKZIqNMlO7" frameborder="0" marginwidth="0" marginheight="0" scrolling="no" class="wp-embedded-content"></iframe><script>
/*! This file is auto-generated */
!function(d,l){"use strict";l.querySelector&&d.addEventListener&&"undefined"!=typeof URL&&(d.wp=d.wp||{},d.wp.receiveEmbedMessage||(d.wp.receiveEmbedMessage=function(e){var t=e.data;if((t||t.secret||t.message||t.value)&&!/[^a-zA-Z0-9]/.test(t.secret)){for(var s,r,n,a=l.querySelectorAll('iframe[data-secret="'+t.secret+'"]'),o=l.querySelectorAll('blockquote[data-secret="'+t.secret+'"]'),c=new RegExp("^https?:$","i"),i=0;i<o.length;i++)o[i].style.display="none";for(i=0;i<a.length;i++)s=a[i],e.source===s.contentWindow&&(s.removeAttribute("style"),"height"===t.message?(1e3<(r=parseInt(t.value,10))?r=1e3:~~r<200&&(r=200),s.height=r):"link"===t.message&&(r=new URL(s.getAttribute("src")),n=new URL(t.value),c.test(n.protocol))&&n.host===r.host&&l.activeElement===s&&(d.top.location.href=t.value))}},d.addEventListener("message",d.wp.receiveEmbedMessage,!1),l.addEventListener("DOMContentLoaded",function(){for(var e,t,s=l.querySelectorAll("iframe.wp-embedded-content"),r=0;r<s.length;r++)(t=(e=s[r]).getAttribute("data-secret"))||(t=Math.random().toString(36).substring(2,12),e.src+="#?secret="+t,e.setAttribute("data-secret",t)),e.contentWindow.postMessage({message:"ready",secret:t},"*")},!1)))}(window,document);
//# sourceURL=https://www.stjb-delasalle.fr/site/wp-includes/js/wp-embed.min.js
</script>

Cette année, les élèves de 3e ont de nouveau travailler à la réflexion de meubles « design », en projets de groupe, ils ont dû imaginer à plusieurs, concevoir, calculer, expliquer, modéliser, former les patrons, fabriquer les volumes, assembler…Cet EPI, Enseignement Pratique Interdisciplinaire, leur a fait travailler mathématiques, technologie et arts plastiques. Une sélection de [&hellip;]
