{"version":"1.0","provider_name":"Coll\u00e8ge Saint Jean Baptiste de La Salle","provider_url":"https:\/\/www.stjb-delasalle.fr\/site","author_name":"s.couret","author_url":"https:\/\/www.stjb-delasalle.fr\/site\/author\/s-couret\/","title":"Expo \u00ab\u00a0Autour du paysage\u00a0\u00bb - Coll\u00e8ge Saint Jean Baptiste de La Salle","type":"rich","width":600,"height":338,"html":"<blockquote class=\"wp-embedded-content\" data-secret=\"THp2sMT0Dc\"><a href=\"https:\/\/www.stjb-delasalle.fr\/site\/2023\/06\/24\/autour-du-paysage\/\">Expo \u00ab\u00a0Autour du paysage\u00a0\u00bb<\/a><\/blockquote><iframe sandbox=\"allow-scripts\" security=\"restricted\" src=\"https:\/\/www.stjb-delasalle.fr\/site\/2023\/06\/24\/autour-du-paysage\/embed\/#?secret=THp2sMT0Dc\" width=\"600\" height=\"338\" title=\"\u00ab\u00a0Expo \u00ab\u00a0Autour du paysage\u00a0\u00bb\u00a0\u00bb &#8212; Coll\u00e8ge Saint Jean Baptiste de La Salle\" data-secret=\"THp2sMT0Dc\" frameborder=\"0\" marginwidth=\"0\" marginheight=\"0\" scrolling=\"no\" class=\"wp-embedded-content\"><\/iframe><script>\n\/*! This file is auto-generated *\/\n!function(d,l){\"use strict\";l.querySelector&&d.addEventListener&&\"undefined\"!=typeof URL&&(d.wp=d.wp||{},d.wp.receiveEmbedMessage||(d.wp.receiveEmbedMessage=function(e){var t=e.data;if((t||t.secret||t.message||t.value)&&!\/[^a-zA-Z0-9]\/.test(t.secret)){for(var s,r,n,a=l.querySelectorAll('iframe[data-secret=\"'+t.secret+'\"]'),o=l.querySelectorAll('blockquote[data-secret=\"'+t.secret+'\"]'),c=new RegExp(\"^https?:$\",\"i\"),i=0;i<o.length;i++)o[i].style.display=\"none\";for(i=0;i<a.length;i++)s=a[i],e.source===s.contentWindow&&(s.removeAttribute(\"style\"),\"height\"===t.message?(1e3<(r=parseInt(t.value,10))?r=1e3:~~r<200&&(r=200),s.height=r):\"link\"===t.message&&(r=new URL(s.getAttribute(\"src\")),n=new URL(t.value),c.test(n.protocol))&&n.host===r.host&&l.activeElement===s&&(d.top.location.href=t.value))}},d.addEventListener(\"message\",d.wp.receiveEmbedMessage,!1),l.addEventListener(\"DOMContentLoaded\",function(){for(var e,t,s=l.querySelectorAll(\"iframe.wp-embedded-content\"),r=0;r<s.length;r++)(t=(e=s[r]).getAttribute(\"data-secret\"))||(t=Math.random().toString(36).substring(2,12),e.src+=\"#?secret=\"+t,e.setAttribute(\"data-secret\",t)),e.contentWindow.postMessage({message:\"ready\",secret:t},\"*\")},!1)))}(window,document);\n\/\/# sourceURL=https:\/\/www.stjb-delasalle.fr\/site\/wp-includes\/js\/wp-embed.min.js\n<\/script>\n","thumbnail_url":"https:\/\/www.stjb-delasalle.fr\/site\/wp-content\/uploads\/2023\/06\/IMG_7770-1.jpeg","thumbnail_width":1401,"thumbnail_height":969,"description":"Nous avons accueilli du 27 mars au 24 avril 2023, une exposition de photographies pr\u00eat\u00e9es par le Conseil d\u00e9partemental de la Sarthe. Trois photographes, Flora BEVILACQUA, Fr\u00e9d\u00e9rick CARNET, Romain GIBIER, regroup\u00e9s au sein d\u2019une exposition \u00ab Autour du paysage \u00bb, dans des styles, formats, propos vari\u00e9s\u2026 De quoi proposer un panel de paysages photographi\u00e9s \u00e0 [&hellip;]"}

Collège Saint Jean Baptiste de La Salle

Expo « Autour du paysage » - Collège Saint Jean Baptiste de La Salle

<blockquote class="wp-embedded-content" data-secret="THp2sMT0Dc"><a href="https://www.stjb-delasalle.fr/site/2023/06/24/autour-du-paysage/">Expo « Autour du paysage »</a></blockquote><iframe sandbox="allow-scripts" security="restricted" src="https://www.stjb-delasalle.fr/site/2023/06/24/autour-du-paysage/embed/#?secret=THp2sMT0Dc" width="600" height="338" title="« Expo « Autour du paysage » » &#8212; Collège Saint Jean Baptiste de La Salle" data-secret="THp2sMT0Dc" frameborder="0" marginwidth="0" marginheight="0" scrolling="no" class="wp-embedded-content"></iframe><script>
/*! This file is auto-generated */
!function(d,l){"use strict";l.querySelector&&d.addEventListener&&"undefined"!=typeof URL&&(d.wp=d.wp||{},d.wp.receiveEmbedMessage||(d.wp.receiveEmbedMessage=function(e){var t=e.data;if((t||t.secret||t.message||t.value)&&!/[^a-zA-Z0-9]/.test(t.secret)){for(var s,r,n,a=l.querySelectorAll('iframe[data-secret="'+t.secret+'"]'),o=l.querySelectorAll('blockquote[data-secret="'+t.secret+'"]'),c=new RegExp("^https?:$","i"),i=0;i<o.length;i++)o[i].style.display="none";for(i=0;i<a.length;i++)s=a[i],e.source===s.contentWindow&&(s.removeAttribute("style"),"height"===t.message?(1e3<(r=parseInt(t.value,10))?r=1e3:~~r<200&&(r=200),s.height=r):"link"===t.message&&(r=new URL(s.getAttribute("src")),n=new URL(t.value),c.test(n.protocol))&&n.host===r.host&&l.activeElement===s&&(d.top.location.href=t.value))}},d.addEventListener("message",d.wp.receiveEmbedMessage,!1),l.addEventListener("DOMContentLoaded",function(){for(var e,t,s=l.querySelectorAll("iframe.wp-embedded-content"),r=0;r<s.length;r++)(t=(e=s[r]).getAttribute("data-secret"))||(t=Math.random().toString(36).substring(2,12),e.src+="#?secret="+t,e.setAttribute("data-secret",t)),e.contentWindow.postMessage({message:"ready",secret:t},"*")},!1)))}(window,document);
//# sourceURL=https://www.stjb-delasalle.fr/site/wp-includes/js/wp-embed.min.js
</script>

Nous avons accueilli du 27 mars au 24 avril 2023, une exposition de photographies prêtées par le Conseil départemental de la Sarthe. Trois photographes, Flora BEVILACQUA, Frédérick CARNET, Romain GIBIER, regroupés au sein d’une exposition « Autour du paysage », dans des styles, formats, propos variés… De quoi proposer un panel de paysages photographiés à [&hellip;]
