{"version":"1.0","provider_name":"Coll\u00e8ge Saint Jean Baptiste de La Salle","provider_url":"https:\/\/www.stjb-delasalle.fr\/site","author_name":"r.zucchetti","author_url":"https:\/\/www.stjb-delasalle.fr\/site\/author\/r-zucchetti\/","title":"Journ\u00e9e Europ\u00e9enne des langues - Coll\u00e8ge Saint Jean Baptiste de La Salle","type":"rich","width":600,"height":338,"html":"<blockquote class=\"wp-embedded-content\" data-secret=\"AXUkjzRMDn\"><a href=\"https:\/\/www.stjb-delasalle.fr\/site\/2021\/10\/02\/journee-europeenne-des-langues-2\/\">Journ\u00e9e Europ\u00e9enne des langues<\/a><\/blockquote><iframe sandbox=\"allow-scripts\" security=\"restricted\" src=\"https:\/\/www.stjb-delasalle.fr\/site\/2021\/10\/02\/journee-europeenne-des-langues-2\/embed\/#?secret=AXUkjzRMDn\" width=\"600\" height=\"338\" title=\"\u00ab\u00a0Journ\u00e9e Europ\u00e9enne des langues\u00a0\u00bb &#8212; Coll\u00e8ge Saint Jean Baptiste de La Salle\" data-secret=\"AXUkjzRMDn\" frameborder=\"0\" marginwidth=\"0\" marginheight=\"0\" scrolling=\"no\" class=\"wp-embedded-content\"><\/iframe><script>\n\/*! This file is auto-generated *\/\n!function(d,l){\"use strict\";l.querySelector&&d.addEventListener&&\"undefined\"!=typeof URL&&(d.wp=d.wp||{},d.wp.receiveEmbedMessage||(d.wp.receiveEmbedMessage=function(e){var t=e.data;if((t||t.secret||t.message||t.value)&&!\/[^a-zA-Z0-9]\/.test(t.secret)){for(var s,r,n,a=l.querySelectorAll('iframe[data-secret=\"'+t.secret+'\"]'),o=l.querySelectorAll('blockquote[data-secret=\"'+t.secret+'\"]'),c=new RegExp(\"^https?:$\",\"i\"),i=0;i<o.length;i++)o[i].style.display=\"none\";for(i=0;i<a.length;i++)s=a[i],e.source===s.contentWindow&&(s.removeAttribute(\"style\"),\"height\"===t.message?(1e3<(r=parseInt(t.value,10))?r=1e3:~~r<200&&(r=200),s.height=r):\"link\"===t.message&&(r=new URL(s.getAttribute(\"src\")),n=new URL(t.value),c.test(n.protocol))&&n.host===r.host&&l.activeElement===s&&(d.top.location.href=t.value))}},d.addEventListener(\"message\",d.wp.receiveEmbedMessage,!1),l.addEventListener(\"DOMContentLoaded\",function(){for(var e,t,s=l.querySelectorAll(\"iframe.wp-embedded-content\"),r=0;r<s.length;r++)(t=(e=s[r]).getAttribute(\"data-secret\"))||(t=Math.random().toString(36).substring(2,12),e.src+=\"#?secret=\"+t,e.setAttribute(\"data-secret\",t)),e.contentWindow.postMessage({message:\"ready\",secret:t},\"*\")},!1)))}(window,document);\n\/\/# sourceURL=https:\/\/www.stjb-delasalle.fr\/site\/wp-includes\/js\/wp-embed.min.js\n<\/script>\n","thumbnail_url":null,"thumbnail_width":null,"thumbnail_height":null,"description":"Les professeures de langues vivantes ont propos\u00e9 \u00e0 tous les \u00e9l\u00e8ves\u00a0de prendre part \u00e0\u00a0un parcours num\u00e9rique \u00ab\u00a0grand prix\u00a0\u00bb afin de relever\u00a0des\u00a0d\u00e9fis linguistiques et culturels dans le cadre de la\u00a0Journ\u00e9e Europ\u00e9enne des Langues qui a lieu chaque ann\u00e9e le 26 septembre. Les \u00e9l\u00e8ves qui suivent l&rsquo;enseignement facultatif LCE anglais (Langues et Cultures et Europ\u00e9ennes) en 4\u00e8me [&hellip;]"}

Collège Saint Jean Baptiste de La Salle

Journée Européenne des langues - Collège Saint Jean Baptiste de La Salle

<blockquote class="wp-embedded-content" data-secret="AXUkjzRMDn"><a href="https://www.stjb-delasalle.fr/site/2021/10/02/journee-europeenne-des-langues-2/">Journée Européenne des langues</a></blockquote><iframe sandbox="allow-scripts" security="restricted" src="https://www.stjb-delasalle.fr/site/2021/10/02/journee-europeenne-des-langues-2/embed/#?secret=AXUkjzRMDn" width="600" height="338" title="« Journée Européenne des langues » &#8212; Collège Saint Jean Baptiste de La Salle" data-secret="AXUkjzRMDn" frameborder="0" marginwidth="0" marginheight="0" scrolling="no" class="wp-embedded-content"></iframe><script>
/*! This file is auto-generated */
!function(d,l){"use strict";l.querySelector&&d.addEventListener&&"undefined"!=typeof URL&&(d.wp=d.wp||{},d.wp.receiveEmbedMessage||(d.wp.receiveEmbedMessage=function(e){var t=e.data;if((t||t.secret||t.message||t.value)&&!/[^a-zA-Z0-9]/.test(t.secret)){for(var s,r,n,a=l.querySelectorAll('iframe[data-secret="'+t.secret+'"]'),o=l.querySelectorAll('blockquote[data-secret="'+t.secret+'"]'),c=new RegExp("^https?:$","i"),i=0;i<o.length;i++)o[i].style.display="none";for(i=0;i<a.length;i++)s=a[i],e.source===s.contentWindow&&(s.removeAttribute("style"),"height"===t.message?(1e3<(r=parseInt(t.value,10))?r=1e3:~~r<200&&(r=200),s.height=r):"link"===t.message&&(r=new URL(s.getAttribute("src")),n=new URL(t.value),c.test(n.protocol))&&n.host===r.host&&l.activeElement===s&&(d.top.location.href=t.value))}},d.addEventListener("message",d.wp.receiveEmbedMessage,!1),l.addEventListener("DOMContentLoaded",function(){for(var e,t,s=l.querySelectorAll("iframe.wp-embedded-content"),r=0;r<s.length;r++)(t=(e=s[r]).getAttribute("data-secret"))||(t=Math.random().toString(36).substring(2,12),e.src+="#?secret="+t,e.setAttribute("data-secret",t)),e.contentWindow.postMessage({message:"ready",secret:t},"*")},!1)))}(window,document);
//# sourceURL=https://www.stjb-delasalle.fr/site/wp-includes/js/wp-embed.min.js
</script>

Les professeures de langues vivantes ont proposé à tous les élèves de prendre part à un parcours numérique « grand prix » afin de relever des défis linguistiques et culturels dans le cadre de la Journée Européenne des Langues qui a lieu chaque année le 26 septembre. Les élèves qui suivent l&rsquo;enseignement facultatif LCE anglais (Langues et Cultures et Européennes) en 4ème [&hellip;]
