{"version":"1.0","provider_name":"Coll\u00e8ge Saint Jean Baptiste de La Salle","provider_url":"https:\/\/www.stjb-delasalle.fr\/site","author_name":"r.zucchetti","author_url":"https:\/\/www.stjb-delasalle.fr\/site\/author\/r-zucchetti\/","title":"Installation Expo n\u00b01 - Coll\u00e8ge Saint Jean Baptiste de La Salle","type":"rich","width":600,"height":338,"html":"<blockquote class=\"wp-embedded-content\" data-secret=\"99wpU9usX3\"><a href=\"https:\/\/www.stjb-delasalle.fr\/site\/2019\/12\/09\/installation-de-la-premiere-expo\/\">Installation Expo n\u00b01<\/a><\/blockquote><iframe sandbox=\"allow-scripts\" security=\"restricted\" src=\"https:\/\/www.stjb-delasalle.fr\/site\/2019\/12\/09\/installation-de-la-premiere-expo\/embed\/#?secret=99wpU9usX3\" width=\"600\" height=\"338\" title=\"\u00ab\u00a0Installation Expo n\u00b01\u00a0\u00bb &#8212; Coll\u00e8ge Saint Jean Baptiste de La Salle\" data-secret=\"99wpU9usX3\" frameborder=\"0\" marginwidth=\"0\" marginheight=\"0\" scrolling=\"no\" class=\"wp-embedded-content\"><\/iframe><script>\n\/*! This file is auto-generated *\/\n!function(d,l){\"use strict\";l.querySelector&&d.addEventListener&&\"undefined\"!=typeof URL&&(d.wp=d.wp||{},d.wp.receiveEmbedMessage||(d.wp.receiveEmbedMessage=function(e){var t=e.data;if((t||t.secret||t.message||t.value)&&!\/[^a-zA-Z0-9]\/.test(t.secret)){for(var s,r,n,a=l.querySelectorAll('iframe[data-secret=\"'+t.secret+'\"]'),o=l.querySelectorAll('blockquote[data-secret=\"'+t.secret+'\"]'),c=new RegExp(\"^https?:$\",\"i\"),i=0;i<o.length;i++)o[i].style.display=\"none\";for(i=0;i<a.length;i++)s=a[i],e.source===s.contentWindow&&(s.removeAttribute(\"style\"),\"height\"===t.message?(1e3<(r=parseInt(t.value,10))?r=1e3:~~r<200&&(r=200),s.height=r):\"link\"===t.message&&(r=new URL(s.getAttribute(\"src\")),n=new URL(t.value),c.test(n.protocol))&&n.host===r.host&&l.activeElement===s&&(d.top.location.href=t.value))}},d.addEventListener(\"message\",d.wp.receiveEmbedMessage,!1),l.addEventListener(\"DOMContentLoaded\",function(){for(var e,t,s=l.querySelectorAll(\"iframe.wp-embedded-content\"),r=0;r<s.length;r++)(t=(e=s[r]).getAttribute(\"data-secret\"))||(t=Math.random().toString(36).substring(2,12),e.src+=\"#?secret=\"+t,e.setAttribute(\"data-secret\",t)),e.contentWindow.postMessage({message:\"ready\",secret:t},\"*\")},!1)))}(window,document);\n\/\/# sourceURL=https:\/\/www.stjb-delasalle.fr\/site\/wp-includes\/js\/wp-embed.min.js\n<\/script>\n","thumbnail_url":"https:\/\/www.stjb-delasalle.fr\/site\/wp-content\/uploads\/2020\/06\/photos-eleves-11-e1575877849403-768x1024-1.jpg","thumbnail_width":768,"thumbnail_height":1024,"description":"Retour en images sur la mise en place de l&rsquo;exposition de C\u00e9cile Degouy, \u00ab\u00a0Les paysages, je les r\u00eave\u00a0\u00bb, vendredi 6 d\u00e9cembre, avec l&rsquo;aide de M.Rullier et des \u00e9l\u00e8ves de 3C : Eug\u00e9nie, Salom\u00e9, Eva, Clo\u00e9, Emma, Aimy, Zo\u00e9, Laura, Yoan et Florian. Merci \u00e0 eux&#8230;Au programme d&rsquo;une journ\u00e9e charg\u00e9e : d\u00e9chargement des oeuvres, d\u00e9ballage, d\u00e9couverte [&hellip;]"}

Collège Saint Jean Baptiste de La Salle

Installation Expo n°1 - Collège Saint Jean Baptiste de La Salle

<blockquote class="wp-embedded-content" data-secret="99wpU9usX3"><a href="https://www.stjb-delasalle.fr/site/2019/12/09/installation-de-la-premiere-expo/">Installation Expo n°1</a></blockquote><iframe sandbox="allow-scripts" security="restricted" src="https://www.stjb-delasalle.fr/site/2019/12/09/installation-de-la-premiere-expo/embed/#?secret=99wpU9usX3" width="600" height="338" title="« Installation Expo n°1 » &#8212; Collège Saint Jean Baptiste de La Salle" data-secret="99wpU9usX3" frameborder="0" marginwidth="0" marginheight="0" scrolling="no" class="wp-embedded-content"></iframe><script>
/*! This file is auto-generated */
!function(d,l){"use strict";l.querySelector&&d.addEventListener&&"undefined"!=typeof URL&&(d.wp=d.wp||{},d.wp.receiveEmbedMessage||(d.wp.receiveEmbedMessage=function(e){var t=e.data;if((t||t.secret||t.message||t.value)&&!/[^a-zA-Z0-9]/.test(t.secret)){for(var s,r,n,a=l.querySelectorAll('iframe[data-secret="'+t.secret+'"]'),o=l.querySelectorAll('blockquote[data-secret="'+t.secret+'"]'),c=new RegExp("^https?:$","i"),i=0;i<o.length;i++)o[i].style.display="none";for(i=0;i<a.length;i++)s=a[i],e.source===s.contentWindow&&(s.removeAttribute("style"),"height"===t.message?(1e3<(r=parseInt(t.value,10))?r=1e3:~~r<200&&(r=200),s.height=r):"link"===t.message&&(r=new URL(s.getAttribute("src")),n=new URL(t.value),c.test(n.protocol))&&n.host===r.host&&l.activeElement===s&&(d.top.location.href=t.value))}},d.addEventListener("message",d.wp.receiveEmbedMessage,!1),l.addEventListener("DOMContentLoaded",function(){for(var e,t,s=l.querySelectorAll("iframe.wp-embedded-content"),r=0;r<s.length;r++)(t=(e=s[r]).getAttribute("data-secret"))||(t=Math.random().toString(36).substring(2,12),e.src+="#?secret="+t,e.setAttribute("data-secret",t)),e.contentWindow.postMessage({message:"ready",secret:t},"*")},!1)))}(window,document);
//# sourceURL=https://www.stjb-delasalle.fr/site/wp-includes/js/wp-embed.min.js
</script>

Retour en images sur la mise en place de l&rsquo;exposition de Cécile Degouy, « Les paysages, je les rêve », vendredi 6 décembre, avec l&rsquo;aide de M.Rullier et des élèves de 3C : Eugénie, Salomé, Eva, Cloé, Emma, Aimy, Zoé, Laura, Yoan et Florian. Merci à eux&#8230;Au programme d&rsquo;une journée chargée : déchargement des oeuvres, déballage, découverte [&hellip;]
