{"version":"1.0","provider_name":"Coll\u00e8ge Saint Jean Baptiste de La Salle","provider_url":"https:\/\/www.stjb-delasalle.fr\/site","author_name":"r.zucchetti","author_url":"https:\/\/www.stjb-delasalle.fr\/site\/author\/r-zucchetti\/","title":"\u00c9lections des d\u00e9l\u00e9gu\u00e9s de 6emes - Coll\u00e8ge Saint Jean Baptiste de La Salle","type":"rich","width":600,"height":338,"html":"<blockquote class=\"wp-embedded-content\" data-secret=\"HqvBOmagu0\"><a href=\"https:\/\/www.stjb-delasalle.fr\/site\/2019\/10\/18\/elections-des-delegues-de-6emes\/\">\u00c9lections des d\u00e9l\u00e9gu\u00e9s de 6emes<\/a><\/blockquote><iframe sandbox=\"allow-scripts\" security=\"restricted\" src=\"https:\/\/www.stjb-delasalle.fr\/site\/2019\/10\/18\/elections-des-delegues-de-6emes\/embed\/#?secret=HqvBOmagu0\" width=\"600\" height=\"338\" title=\"\u00ab\u00a0\u00c9lections des d\u00e9l\u00e9gu\u00e9s de 6emes\u00a0\u00bb &#8212; Coll\u00e8ge Saint Jean Baptiste de La Salle\" data-secret=\"HqvBOmagu0\" frameborder=\"0\" marginwidth=\"0\" marginheight=\"0\" scrolling=\"no\" class=\"wp-embedded-content\"><\/iframe><script>\n\/*! This file is auto-generated *\/\n!function(d,l){\"use strict\";l.querySelector&&d.addEventListener&&\"undefined\"!=typeof URL&&(d.wp=d.wp||{},d.wp.receiveEmbedMessage||(d.wp.receiveEmbedMessage=function(e){var t=e.data;if((t||t.secret||t.message||t.value)&&!\/[^a-zA-Z0-9]\/.test(t.secret)){for(var s,r,n,a=l.querySelectorAll('iframe[data-secret=\"'+t.secret+'\"]'),o=l.querySelectorAll('blockquote[data-secret=\"'+t.secret+'\"]'),c=new RegExp(\"^https?:$\",\"i\"),i=0;i<o.length;i++)o[i].style.display=\"none\";for(i=0;i<a.length;i++)s=a[i],e.source===s.contentWindow&&(s.removeAttribute(\"style\"),\"height\"===t.message?(1e3<(r=parseInt(t.value,10))?r=1e3:~~r<200&&(r=200),s.height=r):\"link\"===t.message&&(r=new URL(s.getAttribute(\"src\")),n=new URL(t.value),c.test(n.protocol))&&n.host===r.host&&l.activeElement===s&&(d.top.location.href=t.value))}},d.addEventListener(\"message\",d.wp.receiveEmbedMessage,!1),l.addEventListener(\"DOMContentLoaded\",function(){for(var e,t,s=l.querySelectorAll(\"iframe.wp-embedded-content\"),r=0;r<s.length;r++)(t=(e=s[r]).getAttribute(\"data-secret\"))||(t=Math.random().toString(36).substring(2,12),e.src+=\"#?secret=\"+t,e.setAttribute(\"data-secret\",t)),e.contentWindow.postMessage({message:\"ready\",secret:t},\"*\")},!1)))}(window,document);\n\/\/# sourceURL=https:\/\/www.stjb-delasalle.fr\/site\/wp-includes\/js\/wp-embed.min.js\n<\/script>\n","thumbnail_url":null,"thumbnail_width":null,"thumbnail_height":null,"description":"&#x1f1eb;&#x1f1f7; \u00ab C\u2019est notre devoir et notre droit en tant qu\u2019\u00e9l\u00e8ves de voter. \u00bb Comme chaque ann\u00e9e, apr\u00e8s une campagne \u00e9lectorale bien tenue, l\u2019heure du vote pour les \u00e9lections des d\u00e9l\u00e9gu\u00e9s 6\u00e8mes a eu lieu le Vendredi 18 octobre 2018 de 12h30 \u00e0 13h30 Cette ann\u00e9e, nous avions invit\u00e9 le maire de la commune pour [&hellip;]"}

Collège Saint Jean Baptiste de La Salle

Élections des délégués de 6emes - Collège Saint Jean Baptiste de La Salle

<blockquote class="wp-embedded-content" data-secret="HqvBOmagu0"><a href="https://www.stjb-delasalle.fr/site/2019/10/18/elections-des-delegues-de-6emes/">Élections des délégués de 6emes</a></blockquote><iframe sandbox="allow-scripts" security="restricted" src="https://www.stjb-delasalle.fr/site/2019/10/18/elections-des-delegues-de-6emes/embed/#?secret=HqvBOmagu0" width="600" height="338" title="« Élections des délégués de 6emes » &#8212; Collège Saint Jean Baptiste de La Salle" data-secret="HqvBOmagu0" frameborder="0" marginwidth="0" marginheight="0" scrolling="no" class="wp-embedded-content"></iframe><script>
/*! This file is auto-generated */
!function(d,l){"use strict";l.querySelector&&d.addEventListener&&"undefined"!=typeof URL&&(d.wp=d.wp||{},d.wp.receiveEmbedMessage||(d.wp.receiveEmbedMessage=function(e){var t=e.data;if((t||t.secret||t.message||t.value)&&!/[^a-zA-Z0-9]/.test(t.secret)){for(var s,r,n,a=l.querySelectorAll('iframe[data-secret="'+t.secret+'"]'),o=l.querySelectorAll('blockquote[data-secret="'+t.secret+'"]'),c=new RegExp("^https?:$","i"),i=0;i<o.length;i++)o[i].style.display="none";for(i=0;i<a.length;i++)s=a[i],e.source===s.contentWindow&&(s.removeAttribute("style"),"height"===t.message?(1e3<(r=parseInt(t.value,10))?r=1e3:~~r<200&&(r=200),s.height=r):"link"===t.message&&(r=new URL(s.getAttribute("src")),n=new URL(t.value),c.test(n.protocol))&&n.host===r.host&&l.activeElement===s&&(d.top.location.href=t.value))}},d.addEventListener("message",d.wp.receiveEmbedMessage,!1),l.addEventListener("DOMContentLoaded",function(){for(var e,t,s=l.querySelectorAll("iframe.wp-embedded-content"),r=0;r<s.length;r++)(t=(e=s[r]).getAttribute("data-secret"))||(t=Math.random().toString(36).substring(2,12),e.src+="#?secret="+t,e.setAttribute("data-secret",t)),e.contentWindow.postMessage({message:"ready",secret:t},"*")},!1)))}(window,document);
//# sourceURL=https://www.stjb-delasalle.fr/site/wp-includes/js/wp-embed.min.js
</script>

&#x1f1eb;&#x1f1f7; « C’est notre devoir et notre droit en tant qu’élèves de voter. » Comme chaque année, après une campagne électorale bien tenue, l’heure du vote pour les élections des délégués 6èmes a eu lieu le Vendredi 18 octobre 2018 de 12h30 à 13h30 Cette année, nous avions invité le maire de la commune pour [&hellip;]
