{"version":"1.0","provider_name":"Coll\u00e8ge Saint Jean Baptiste de La Salle","provider_url":"https:\/\/www.stjb-delasalle.fr\/site","author_name":"r.zucchetti","author_url":"https:\/\/www.stjb-delasalle.fr\/site\/author\/r-zucchetti\/","title":"Rencontre avec Jeanne : pas \u00e0 pas - Coll\u00e8ge Saint Jean Baptiste de La Salle","type":"rich","width":600,"height":338,"html":"<blockquote class=\"wp-embedded-content\" data-secret=\"5naBWB5RPJ\"><a href=\"https:\/\/www.stjb-delasalle.fr\/site\/2018\/04\/09\/rencontre-avec-jeanne-pas-a-pas\/\">Rencontre avec Jeanne : pas \u00e0 pas<\/a><\/blockquote><iframe sandbox=\"allow-scripts\" security=\"restricted\" src=\"https:\/\/www.stjb-delasalle.fr\/site\/2018\/04\/09\/rencontre-avec-jeanne-pas-a-pas\/embed\/#?secret=5naBWB5RPJ\" width=\"600\" height=\"338\" title=\"\u00ab\u00a0Rencontre avec Jeanne : pas \u00e0 pas\u00a0\u00bb &#8212; Coll\u00e8ge Saint Jean Baptiste de La Salle\" data-secret=\"5naBWB5RPJ\" frameborder=\"0\" marginwidth=\"0\" marginheight=\"0\" scrolling=\"no\" class=\"wp-embedded-content\"><\/iframe><script>\n\/*! This file is auto-generated *\/\n!function(d,l){\"use strict\";l.querySelector&&d.addEventListener&&\"undefined\"!=typeof URL&&(d.wp=d.wp||{},d.wp.receiveEmbedMessage||(d.wp.receiveEmbedMessage=function(e){var t=e.data;if((t||t.secret||t.message||t.value)&&!\/[^a-zA-Z0-9]\/.test(t.secret)){for(var s,r,n,a=l.querySelectorAll('iframe[data-secret=\"'+t.secret+'\"]'),o=l.querySelectorAll('blockquote[data-secret=\"'+t.secret+'\"]'),c=new RegExp(\"^https?:$\",\"i\"),i=0;i<o.length;i++)o[i].style.display=\"none\";for(i=0;i<a.length;i++)s=a[i],e.source===s.contentWindow&&(s.removeAttribute(\"style\"),\"height\"===t.message?(1e3<(r=parseInt(t.value,10))?r=1e3:~~r<200&&(r=200),s.height=r):\"link\"===t.message&&(r=new URL(s.getAttribute(\"src\")),n=new URL(t.value),c.test(n.protocol))&&n.host===r.host&&l.activeElement===s&&(d.top.location.href=t.value))}},d.addEventListener(\"message\",d.wp.receiveEmbedMessage,!1),l.addEventListener(\"DOMContentLoaded\",function(){for(var e,t,s=l.querySelectorAll(\"iframe.wp-embedded-content\"),r=0;r<s.length;r++)(t=(e=s[r]).getAttribute(\"data-secret\"))||(t=Math.random().toString(36).substring(2,12),e.src+=\"#?secret=\"+t,e.setAttribute(\"data-secret\",t)),e.contentWindow.postMessage({message:\"ready\",secret:t},\"*\")},!1)))}(window,document);\n\/\/# sourceURL=https:\/\/www.stjb-delasalle.fr\/site\/wp-includes\/js\/wp-embed.min.js\n<\/script>\n","thumbnail_url":null,"thumbnail_width":null,"thumbnail_height":null,"description":"Pendant que la majorit\u00e9 des \u00e9l\u00e8ves de 5\u00e8me sont all\u00e9s au s\u00e9jour \u00ab\u00a0Montagne\u00a0\u00bb, les \u00e9l\u00e8ves restant ont eu une semaine bien remplie. Ils ont notamment rencontr\u00e9 une petite fille handicap\u00e9e, \u00e0 qui ils ont fait visiter le coll\u00e8ge, et ont \u00e9chang\u00e9 avec elle. Il s&rsquo;agit de Jeanne, n\u00e9e en 2009, atteinte d&rsquo;une maladie encore non [&hellip;]"}

Collège Saint Jean Baptiste de La Salle

Rencontre avec Jeanne : pas à pas - Collège Saint Jean Baptiste de La Salle

<blockquote class="wp-embedded-content" data-secret="5naBWB5RPJ"><a href="https://www.stjb-delasalle.fr/site/2018/04/09/rencontre-avec-jeanne-pas-a-pas/">Rencontre avec Jeanne : pas à pas</a></blockquote><iframe sandbox="allow-scripts" security="restricted" src="https://www.stjb-delasalle.fr/site/2018/04/09/rencontre-avec-jeanne-pas-a-pas/embed/#?secret=5naBWB5RPJ" width="600" height="338" title="« Rencontre avec Jeanne : pas à pas » &#8212; Collège Saint Jean Baptiste de La Salle" data-secret="5naBWB5RPJ" frameborder="0" marginwidth="0" marginheight="0" scrolling="no" class="wp-embedded-content"></iframe><script>
/*! This file is auto-generated */
!function(d,l){"use strict";l.querySelector&&d.addEventListener&&"undefined"!=typeof URL&&(d.wp=d.wp||{},d.wp.receiveEmbedMessage||(d.wp.receiveEmbedMessage=function(e){var t=e.data;if((t||t.secret||t.message||t.value)&&!/[^a-zA-Z0-9]/.test(t.secret)){for(var s,r,n,a=l.querySelectorAll('iframe[data-secret="'+t.secret+'"]'),o=l.querySelectorAll('blockquote[data-secret="'+t.secret+'"]'),c=new RegExp("^https?:$","i"),i=0;i<o.length;i++)o[i].style.display="none";for(i=0;i<a.length;i++)s=a[i],e.source===s.contentWindow&&(s.removeAttribute("style"),"height"===t.message?(1e3<(r=parseInt(t.value,10))?r=1e3:~~r<200&&(r=200),s.height=r):"link"===t.message&&(r=new URL(s.getAttribute("src")),n=new URL(t.value),c.test(n.protocol))&&n.host===r.host&&l.activeElement===s&&(d.top.location.href=t.value))}},d.addEventListener("message",d.wp.receiveEmbedMessage,!1),l.addEventListener("DOMContentLoaded",function(){for(var e,t,s=l.querySelectorAll("iframe.wp-embedded-content"),r=0;r<s.length;r++)(t=(e=s[r]).getAttribute("data-secret"))||(t=Math.random().toString(36).substring(2,12),e.src+="#?secret="+t,e.setAttribute("data-secret",t)),e.contentWindow.postMessage({message:"ready",secret:t},"*")},!1)))}(window,document);
//# sourceURL=https://www.stjb-delasalle.fr/site/wp-includes/js/wp-embed.min.js
</script>

Pendant que la majorité des élèves de 5ème sont allés au séjour « Montagne », les élèves restant ont eu une semaine bien remplie. Ils ont notamment rencontré une petite fille handicapée, à qui ils ont fait visiter le collège, et ont échangé avec elle. Il s&rsquo;agit de Jeanne, née en 2009, atteinte d&rsquo;une maladie encore non [&hellip;]
